{"id":899,"date":"2022-11-25T18:44:07","date_gmt":"2022-11-25T18:44:07","guid":{"rendered":"https:\/\/guiadelocio.es\/madrid\/?page_id=899"},"modified":"2023-02-08T18:49:43","modified_gmt":"2023-02-08T17:49:43","slug":"salas-de-teatro","status":"publish","type":"page","link":"https:\/\/guiadelocio.es\/madrid\/que-hacer\/teatro-danza-y-espectaculos\/salas-de-teatro\/","title":{"rendered":"Salas de teatro"},"content":{"rendered":"","protected":false},"excerpt":{"rendered":"","protected":false},"author":2,"featured_media":1698,"parent":122,"menu_order":24,"comment_status":"closed","ping_status":"closed","template":"template-portada-categoria.php","meta":{"_acf_changed":false,"footnotes":""},"class_list":["post-899","page","type-page","status-publish","has-post-thumbnail","hentry"],"acf":[],"yoast_head":"<!-- This site is optimized with the Yoast SEO plugin v26.0 - https:\/\/yoast.com\/wordpress\/plugins\/seo\/ -->\n<title>Salas de teatro | Madrid<\/title>\n<meta name=\"description\" content=\"Templos de la cultura. Localizaciones, horarios y programaci\u00f3n. Todo sobre las salas de teatro.\" \/>\n<meta name=\"robots\" content=\"index, follow, max-snippet:-1, max-image-preview:large, max-video-preview:-1\" \/>\n<link rel=\"canonical\" href=\"https:\/\/guiadelocio.es\/madrid\/que-hacer\/\" \/>\n<meta property=\"og:locale\" content=\"es_ES\" \/>\n<meta property=\"og:type\" content=\"article\" \/>\n<meta property=\"og:title\" content=\"Salas de teatro | Madrid\" \/>\n<meta property=\"og:description\" content=\"Templos de la cultura. Localizaciones, horarios y programaci\u00f3n. Todo sobre las salas de teatro.\" \/>\n<meta property=\"og:url\" content=\"https:\/\/guiadelocio.es\/madrid\/que-hacer\/\" \/>\n<meta property=\"og:site_name\" content=\"Madrid\" \/>\n<meta property=\"article:modified_time\" content=\"2023-02-08T17:49:43+00:00\" \/>\n<meta property=\"og:image\" content=\"https:\/\/guiadelocio.es\/madrid\/wp-content\/uploads\/sites\/2\/2022\/12\/pexels-pixabay-63328_1920px.jpg\" \/>\n\t<meta property=\"og:image:width\" content=\"1920\" \/>\n\t<meta property=\"og:image:height\" content=\"1453\" \/>\n\t<meta property=\"og:image:type\" content=\"image\/jpeg\" \/>\n<meta name=\"twitter:card\" content=\"summary_large_image\" \/>\n<script type=\"application\/ld+json\" class=\"yoast-schema-graph\">{\"@context\":\"https:\/\/schema.org\",\"@graph\":[{\"@type\":\"WebPage\",\"@id\":\"https:\/\/guiadelocio.es\/madrid\/que-hacer\/teatro-danza-y-espectaculos\/salas-de-teatro\/\",\"url\":\"https:\/\/guiadelocio.es\/madrid\/que-hacer\/\",\"name\":\"Salas de teatro | Madrid\",\"isPartOf\":{\"@id\":\"https:\/\/guiadelocio.es\/madrid\/#website\"},\"primaryImageOfPage\":{\"@id\":\"https:\/\/guiadelocio.es\/madrid\/que-hacer\/#primaryimage\"},\"image\":{\"@id\":\"https:\/\/guiadelocio.es\/madrid\/que-hacer\/#primaryimage\"},\"thumbnailUrl\":\"https:\/\/guiadelocio.es\/madrid\/wp-content\/uploads\/sites\/2\/2022\/12\/pexels-pixabay-63328_1920px.jpg\",\"datePublished\":\"2022-11-25T18:44:07+00:00\",\"dateModified\":\"2023-02-08T17:49:43+00:00\",\"description\":\"Templos de la cultura. Localizaciones, horarios y programaci\u00f3n. Todo sobre las salas de teatro.\",\"breadcrumb\":{\"@id\":\"https:\/\/guiadelocio.es\/madrid\/que-hacer\/#breadcrumb\"},\"inLanguage\":\"es\",\"potentialAction\":[{\"@type\":\"ReadAction\",\"target\":[\"https:\/\/guiadelocio.es\/madrid\/que-hacer\/\"]}]},{\"@type\":\"ImageObject\",\"inLanguage\":\"es\",\"@id\":\"https:\/\/guiadelocio.es\/madrid\/que-hacer\/#primaryimage\",\"url\":\"https:\/\/guiadelocio.es\/madrid\/wp-content\/uploads\/sites\/2\/2022\/12\/pexels-pixabay-63328_1920px.jpg\",\"contentUrl\":\"https:\/\/guiadelocio.es\/madrid\/wp-content\/uploads\/sites\/2\/2022\/12\/pexels-pixabay-63328_1920px.jpg\",\"width\":1920,\"height\":1453},{\"@type\":\"BreadcrumbList\",\"@id\":\"https:\/\/guiadelocio.es\/madrid\/que-hacer\/#breadcrumb\",\"itemListElement\":[{\"@type\":\"ListItem\",\"position\":1,\"name\":\"Portada\",\"item\":\"https:\/\/guiadelocio.es\/madrid\/\"},{\"@type\":\"ListItem\",\"position\":2,\"name\":\"Qu\u00e9 hacer\",\"item\":\"https:\/\/guiadelocio.es\/madrid\/que-hacer\/\"},{\"@type\":\"ListItem\",\"position\":3,\"name\":\"Teatro, danza y espect\u00e1culos\",\"item\":\"https:\/\/guiadelocio.es\/madrid\/que-hacer\/teatro-danza-y-espectaculos\/\"},{\"@type\":\"ListItem\",\"position\":4,\"name\":\"Salas de teatro\"}]},{\"@type\":\"WebSite\",\"@id\":\"https:\/\/guiadelocio.es\/madrid\/#website\",\"url\":\"https:\/\/guiadelocio.es\/madrid\/\",\"name\":\"Madrid | Gu\u00eda del Ocio\",\"description\":\"Qu\u00e9 hacer, d\u00f3nde comer, qu\u00e9 visitar y los lugares que no te puedes perder\",\"potentialAction\":[{\"@type\":\"SearchAction\",\"target\":{\"@type\":\"EntryPoint\",\"urlTemplate\":\"https:\/\/guiadelocio.es\/madrid\/?s={search_term_string}\"},\"query-input\":{\"@type\":\"PropertyValueSpecification\",\"valueRequired\":true,\"valueName\":\"search_term_string\"}}],\"inLanguage\":\"es\"}]}<\/script>\n<!-- \/ Yoast SEO plugin. -->","yoast_head_json":{"title":"Salas de teatro | Madrid","description":"Templos de la cultura. Localizaciones, horarios y programaci\u00f3n. Todo sobre las salas de teatro.","robots":{"index":"index","follow":"follow","max-snippet":"max-snippet:-1","max-image-preview":"max-image-preview:large","max-video-preview":"max-video-preview:-1"},"canonical":"https:\/\/guiadelocio.es\/madrid\/que-hacer\/","og_locale":"es_ES","og_type":"article","og_title":"Salas de teatro | Madrid","og_description":"Templos de la cultura. Localizaciones, horarios y programaci\u00f3n. Todo sobre las salas de teatro.","og_url":"https:\/\/guiadelocio.es\/madrid\/que-hacer\/","og_site_name":"Madrid","article_modified_time":"2023-02-08T17:49:43+00:00","og_image":[{"width":1920,"height":1453,"url":"https:\/\/guiadelocio.es\/madrid\/wp-content\/uploads\/sites\/2\/2022\/12\/pexels-pixabay-63328_1920px.jpg","type":"image\/jpeg"}],"twitter_card":"summary_large_image","schema":{"@context":"https:\/\/schema.org","@graph":[{"@type":"WebPage","@id":"https:\/\/guiadelocio.es\/madrid\/que-hacer\/teatro-danza-y-espectaculos\/salas-de-teatro\/","url":"https:\/\/guiadelocio.es\/madrid\/que-hacer\/","name":"Salas de teatro | Madrid","isPartOf":{"@id":"https:\/\/guiadelocio.es\/madrid\/#website"},"primaryImageOfPage":{"@id":"https:\/\/guiadelocio.es\/madrid\/que-hacer\/#primaryimage"},"image":{"@id":"https:\/\/guiadelocio.es\/madrid\/que-hacer\/#primaryimage"},"thumbnailUrl":"https:\/\/guiadelocio.es\/madrid\/wp-content\/uploads\/sites\/2\/2022\/12\/pexels-pixabay-63328_1920px.jpg","datePublished":"2022-11-25T18:44:07+00:00","dateModified":"2023-02-08T17:49:43+00:00","description":"Templos de la cultura. Localizaciones, horarios y programaci\u00f3n. Todo sobre las salas de teatro.","breadcrumb":{"@id":"https:\/\/guiadelocio.es\/madrid\/que-hacer\/#breadcrumb"},"inLanguage":"es","potentialAction":[{"@type":"ReadAction","target":["https:\/\/guiadelocio.es\/madrid\/que-hacer\/"]}]},{"@type":"ImageObject","inLanguage":"es","@id":"https:\/\/guiadelocio.es\/madrid\/que-hacer\/#primaryimage","url":"https:\/\/guiadelocio.es\/madrid\/wp-content\/uploads\/sites\/2\/2022\/12\/pexels-pixabay-63328_1920px.jpg","contentUrl":"https:\/\/guiadelocio.es\/madrid\/wp-content\/uploads\/sites\/2\/2022\/12\/pexels-pixabay-63328_1920px.jpg","width":1920,"height":1453},{"@type":"BreadcrumbList","@id":"https:\/\/guiadelocio.es\/madrid\/que-hacer\/#breadcrumb","itemListElement":[{"@type":"ListItem","position":1,"name":"Portada","item":"https:\/\/guiadelocio.es\/madrid\/"},{"@type":"ListItem","position":2,"name":"Qu\u00e9 hacer","item":"https:\/\/guiadelocio.es\/madrid\/que-hacer\/"},{"@type":"ListItem","position":3,"name":"Teatro, danza y espect\u00e1culos","item":"https:\/\/guiadelocio.es\/madrid\/que-hacer\/teatro-danza-y-espectaculos\/"},{"@type":"ListItem","position":4,"name":"Salas de teatro"}]},{"@type":"WebSite","@id":"https:\/\/guiadelocio.es\/madrid\/#website","url":"https:\/\/guiadelocio.es\/madrid\/","name":"Madrid | Gu\u00eda del Ocio","description":"Qu\u00e9 hacer, d\u00f3nde comer, qu\u00e9 visitar y los lugares que no te puedes perder","potentialAction":[{"@type":"SearchAction","target":{"@type":"EntryPoint","urlTemplate":"https:\/\/guiadelocio.es\/madrid\/?s={search_term_string}"},"query-input":{"@type":"PropertyValueSpecification","valueRequired":true,"valueName":"search_term_string"}}],"inLanguage":"es"}]}},"_links":{"self":[{"href":"https:\/\/guiadelocio.es\/madrid\/wp-json\/wp\/v2\/pages\/899","targetHints":{"allow":["GET"]}}],"collection":[{"href":"https:\/\/guiadelocio.es\/madrid\/wp-json\/wp\/v2\/pages"}],"about":[{"href":"https:\/\/guiadelocio.es\/madrid\/wp-json\/wp\/v2\/types\/page"}],"author":[{"embeddable":true,"href":"https:\/\/guiadelocio.es\/madrid\/wp-json\/wp\/v2\/users\/2"}],"replies":[{"embeddable":true,"href":"https:\/\/guiadelocio.es\/madrid\/wp-json\/wp\/v2\/comments?post=899"}],"version-history":[{"count":0,"href":"https:\/\/guiadelocio.es\/madrid\/wp-json\/wp\/v2\/pages\/899\/revisions"}],"up":[{"embeddable":true,"href":"https:\/\/guiadelocio.es\/madrid\/wp-json\/wp\/v2\/pages\/122"}],"wp:featuredmedia":[{"embeddable":true,"href":"https:\/\/guiadelocio.es\/madrid\/wp-json\/wp\/v2\/media\/1698"}],"wp:attachment":[{"href":"https:\/\/guiadelocio.es\/madrid\/wp-json\/wp\/v2\/media?parent=899"}],"curies":[{"name":"wp","href":"https:\/\/api.w.org\/{rel}","templated":true}]}}